{"id":3419,"date":"2021-06-16T17:08:09","date_gmt":"2021-06-16T15:08:09","guid":{"rendered":"https:\/\/www.harner.fr\/2021multisites\/lacave\/?post_type=product&#038;p=3419"},"modified":"2021-06-16T17:08:59","modified_gmt":"2021-06-16T15:08:59","slug":"aop-cotes-du-rhone-alleno-et-chapoutier-grenache-et-syrah","status":"publish","type":"product","link":"https:\/\/www.harner.fr\/lacave\/product\/aop-cotes-du-rhone-alleno-et-chapoutier-grenache-et-syrah\/","title":{"rendered":"AOP C\u00f4tes du Rh\u00f4ne\u00a0\u00ab\u00a0Alleno et Chapoutier\u00a0\u00bb\u00a0: Grenache et Syrah"},"content":{"rendered":"","protected":false},"excerpt":{"rendered":"<p>Robe rubis, profonde et brillante. Le nez r\u00e9v\u00e8le des notes de fruits rouges, accompagn\u00e9s de senteurs de garrigue et d\u2019\u00e9pices douces. La bouche exprime un mariage subtil entre la puissance aromatique et la finesse des tannins. La finale exprime des notes de r\u00e9glisse.<\/p>\n<p>Accord mets et vin\u00a0: Navarrin d\u2019agneau, saucisson Lyonnais<\/p>\n","protected":false},"featured_media":3473,"template":"","meta":[],"product_brand":[],"product_cat":[23,31,34],"product_tag":[],"class_list":{"0":"post-3419","1":"product","2":"type-product","3":"status-publish","4":"has-post-thumbnail","6":"product_cat-la-selection-de-chapoutier","7":"product_cat-vins","8":"product_cat-vins-rouges","10":"first","11":"instock","12":"shipping-taxable","13":"purchasable","14":"product-type-simple"},"yoast_head":"<!-- This site is optimized with the Yoast SEO plugin v25.3 - https:\/\/yoast.com\/wordpress\/plugins\/seo\/ -->\n<title>AOP C\u00f4tes du Rh\u00f4ne\u00a0\u00ab\u00a0Alleno et Chapoutier\u00a0\u00bb\u00a0: Grenache et Syrah - La Cave du Harner<\/title>\n<meta name=\"robots\" content=\"index, follow, max-snippet:-1, max-image-preview:large, max-video-preview:-1\" \/>\n<link rel=\"canonical\" href=\"https:\/\/www.harner.fr\/lacave\/product\/aop-cotes-du-rhone-alleno-et-chapoutier-grenache-et-syrah\/\" \/>\n<meta property=\"og:locale\" content=\"fr_FR\" \/>\n<meta property=\"og:type\" content=\"article\" \/>\n<meta property=\"og:title\" content=\"AOP C\u00f4tes du Rh\u00f4ne\u00a0\u00ab\u00a0Alleno et Chapoutier\u00a0\u00bb\u00a0: Grenache et Syrah - La Cave du Harner\" \/>\n<meta property=\"og:description\" content=\"Robe rubis, profonde et brillante. Le nez r\u00e9v\u00e8le des notes de fruits rouges, accompagn\u00e9s de senteurs de garrigue et d\u2019\u00e9pices douces. La bouche exprime un mariage subtil entre la puissance aromatique et la finesse des tannins. La finale exprime des notes de r\u00e9glisse.   Accord mets et vin\u00a0: Navarrin d\u2019agneau, saucisson Lyonnais\" \/>\n<meta property=\"og:url\" content=\"https:\/\/www.harner.fr\/lacave\/product\/aop-cotes-du-rhone-alleno-et-chapoutier-grenache-et-syrah\/\" \/>\n<meta property=\"og:site_name\" content=\"La Cave du Harner\" \/>\n<meta property=\"article:modified_time\" content=\"2021-06-16T15:08:59+00:00\" \/>\n<meta property=\"og:image\" content=\"https:\/\/www.harner.fr\/lacave\/wp-content\/uploads\/sites\/3\/2021\/06\/alleno-cotes-du-rhone.jpg\" \/>\n\t<meta property=\"og:image:width\" content=\"1200\" \/>\n\t<meta property=\"og:image:height\" content=\"1600\" \/>\n\t<meta property=\"og:image:type\" content=\"image\/jpeg\" \/>\n<meta name=\"twitter:card\" content=\"summary_large_image\" \/>\n<script type=\"application\/ld+json\" class=\"yoast-schema-graph\">{\"@context\":\"https:\/\/schema.org\",\"@graph\":[{\"@type\":\"WebPage\",\"@id\":\"https:\/\/www.harner.fr\/lacave\/product\/aop-cotes-du-rhone-alleno-et-chapoutier-grenache-et-syrah\/\",\"url\":\"https:\/\/www.harner.fr\/lacave\/product\/aop-cotes-du-rhone-alleno-et-chapoutier-grenache-et-syrah\/\",\"name\":\"AOP C\u00f4tes du Rh\u00f4ne\u00a0\u00ab\u00a0Alleno et Chapoutier\u00a0\u00bb\u00a0: Grenache et Syrah - La Cave du Harner\",\"isPartOf\":{\"@id\":\"https:\/\/www.harner.fr\/lacave\/#website\"},\"primaryImageOfPage\":{\"@id\":\"https:\/\/www.harner.fr\/lacave\/product\/aop-cotes-du-rhone-alleno-et-chapoutier-grenache-et-syrah\/#primaryimage\"},\"image\":{\"@id\":\"https:\/\/www.harner.fr\/lacave\/product\/aop-cotes-du-rhone-alleno-et-chapoutier-grenache-et-syrah\/#primaryimage\"},\"thumbnailUrl\":\"https:\/\/www.harner.fr\/lacave\/wp-content\/uploads\/sites\/3\/2021\/06\/alleno-cotes-du-rhone.jpg\",\"datePublished\":\"2021-06-16T15:08:09+00:00\",\"dateModified\":\"2021-06-16T15:08:59+00:00\",\"breadcrumb\":{\"@id\":\"https:\/\/www.harner.fr\/lacave\/product\/aop-cotes-du-rhone-alleno-et-chapoutier-grenache-et-syrah\/#breadcrumb\"},\"inLanguage\":\"fr-FR\",\"potentialAction\":[{\"@type\":\"ReadAction\",\"target\":[\"https:\/\/www.harner.fr\/lacave\/product\/aop-cotes-du-rhone-alleno-et-chapoutier-grenache-et-syrah\/\"]}]},{\"@type\":\"ImageObject\",\"inLanguage\":\"fr-FR\",\"@id\":\"https:\/\/www.harner.fr\/lacave\/product\/aop-cotes-du-rhone-alleno-et-chapoutier-grenache-et-syrah\/#primaryimage\",\"url\":\"https:\/\/www.harner.fr\/lacave\/wp-content\/uploads\/sites\/3\/2021\/06\/alleno-cotes-du-rhone.jpg\",\"contentUrl\":\"https:\/\/www.harner.fr\/lacave\/wp-content\/uploads\/sites\/3\/2021\/06\/alleno-cotes-du-rhone.jpg\",\"width\":1200,\"height\":1600},{\"@type\":\"BreadcrumbList\",\"@id\":\"https:\/\/www.harner.fr\/lacave\/product\/aop-cotes-du-rhone-alleno-et-chapoutier-grenache-et-syrah\/#breadcrumb\",\"itemListElement\":[{\"@type\":\"ListItem\",\"position\":1,\"name\":\"Accueil\",\"item\":\"https:\/\/www.harner.fr\/lacave\/\"},{\"@type\":\"ListItem\",\"position\":2,\"name\":\"Shop\",\"item\":\"https:\/\/www.harner.fr\/lacave\/shop\/\"},{\"@type\":\"ListItem\",\"position\":3,\"name\":\"AOP C\u00f4tes du Rh\u00f4ne\u00a0\u00ab\u00a0Alleno et Chapoutier\u00a0\u00bb\u00a0: Grenache et Syrah\"}]},{\"@type\":\"WebSite\",\"@id\":\"https:\/\/www.harner.fr\/lacave\/#website\",\"url\":\"https:\/\/www.harner.fr\/lacave\/\",\"name\":\"La Cave du Harner\",\"description\":\"Notre s\u00e9lection de vins\",\"publisher\":{\"@id\":\"https:\/\/www.harner.fr\/lacave\/#organization\"},\"potentialAction\":[{\"@type\":\"SearchAction\",\"target\":{\"@type\":\"EntryPoint\",\"urlTemplate\":\"https:\/\/www.harner.fr\/lacave\/?s={search_term_string}\"},\"query-input\":{\"@type\":\"PropertyValueSpecification\",\"valueRequired\":true,\"valueName\":\"search_term_string\"}}],\"inLanguage\":\"fr-FR\"},{\"@type\":\"Organization\",\"@id\":\"https:\/\/www.harner.fr\/lacave\/#organization\",\"name\":\"La Cave du Harner\",\"url\":\"https:\/\/www.harner.fr\/lacave\/\",\"logo\":{\"@type\":\"ImageObject\",\"inLanguage\":\"fr-FR\",\"@id\":\"https:\/\/www.harner.fr\/lacave\/#\/schema\/logo\/image\/\",\"url\":\"https:\/\/www.harner.fr\/lacave\/wp-content\/uploads\/sites\/3\/2021\/06\/cropped-logo.png\",\"contentUrl\":\"https:\/\/www.harner.fr\/lacave\/wp-content\/uploads\/sites\/3\/2021\/06\/cropped-logo.png\",\"width\":349,\"height\":80,\"caption\":\"La Cave du Harner\"},\"image\":{\"@id\":\"https:\/\/www.harner.fr\/lacave\/#\/schema\/logo\/image\/\"}}]}<\/script>\n<!-- \/ Yoast SEO plugin. -->","yoast_head_json":{"title":"AOP C\u00f4tes du Rh\u00f4ne\u00a0\u00ab\u00a0Alleno et Chapoutier\u00a0\u00bb\u00a0: Grenache et Syrah - La Cave du Harner","robots":{"index":"index","follow":"follow","max-snippet":"max-snippet:-1","max-image-preview":"max-image-preview:large","max-video-preview":"max-video-preview:-1"},"canonical":"https:\/\/www.harner.fr\/lacave\/product\/aop-cotes-du-rhone-alleno-et-chapoutier-grenache-et-syrah\/","og_locale":"fr_FR","og_type":"article","og_title":"AOP C\u00f4tes du Rh\u00f4ne\u00a0\u00ab\u00a0Alleno et Chapoutier\u00a0\u00bb\u00a0: Grenache et Syrah - La Cave du Harner","og_description":"Robe rubis, profonde et brillante. Le nez r\u00e9v\u00e8le des notes de fruits rouges, accompagn\u00e9s de senteurs de garrigue et d\u2019\u00e9pices douces. La bouche exprime un mariage subtil entre la puissance aromatique et la finesse des tannins. La finale exprime des notes de r\u00e9glisse.   Accord mets et vin\u00a0: Navarrin d\u2019agneau, saucisson Lyonnais","og_url":"https:\/\/www.harner.fr\/lacave\/product\/aop-cotes-du-rhone-alleno-et-chapoutier-grenache-et-syrah\/","og_site_name":"La Cave du Harner","article_modified_time":"2021-06-16T15:08:59+00:00","og_image":[{"width":1200,"height":1600,"url":"https:\/\/www.harner.fr\/lacave\/wp-content\/uploads\/sites\/3\/2021\/06\/alleno-cotes-du-rhone.jpg","type":"image\/jpeg"}],"twitter_card":"summary_large_image","schema":{"@context":"https:\/\/schema.org","@graph":[{"@type":"WebPage","@id":"https:\/\/www.harner.fr\/lacave\/product\/aop-cotes-du-rhone-alleno-et-chapoutier-grenache-et-syrah\/","url":"https:\/\/www.harner.fr\/lacave\/product\/aop-cotes-du-rhone-alleno-et-chapoutier-grenache-et-syrah\/","name":"AOP C\u00f4tes du Rh\u00f4ne\u00a0\u00ab\u00a0Alleno et Chapoutier\u00a0\u00bb\u00a0: Grenache et Syrah - La Cave du Harner","isPartOf":{"@id":"https:\/\/www.harner.fr\/lacave\/#website"},"primaryImageOfPage":{"@id":"https:\/\/www.harner.fr\/lacave\/product\/aop-cotes-du-rhone-alleno-et-chapoutier-grenache-et-syrah\/#primaryimage"},"image":{"@id":"https:\/\/www.harner.fr\/lacave\/product\/aop-cotes-du-rhone-alleno-et-chapoutier-grenache-et-syrah\/#primaryimage"},"thumbnailUrl":"https:\/\/www.harner.fr\/lacave\/wp-content\/uploads\/sites\/3\/2021\/06\/alleno-cotes-du-rhone.jpg","datePublished":"2021-06-16T15:08:09+00:00","dateModified":"2021-06-16T15:08:59+00:00","breadcrumb":{"@id":"https:\/\/www.harner.fr\/lacave\/product\/aop-cotes-du-rhone-alleno-et-chapoutier-grenache-et-syrah\/#breadcrumb"},"inLanguage":"fr-FR","potentialAction":[{"@type":"ReadAction","target":["https:\/\/www.harner.fr\/lacave\/product\/aop-cotes-du-rhone-alleno-et-chapoutier-grenache-et-syrah\/"]}]},{"@type":"ImageObject","inLanguage":"fr-FR","@id":"https:\/\/www.harner.fr\/lacave\/product\/aop-cotes-du-rhone-alleno-et-chapoutier-grenache-et-syrah\/#primaryimage","url":"https:\/\/www.harner.fr\/lacave\/wp-content\/uploads\/sites\/3\/2021\/06\/alleno-cotes-du-rhone.jpg","contentUrl":"https:\/\/www.harner.fr\/lacave\/wp-content\/uploads\/sites\/3\/2021\/06\/alleno-cotes-du-rhone.jpg","width":1200,"height":1600},{"@type":"BreadcrumbList","@id":"https:\/\/www.harner.fr\/lacave\/product\/aop-cotes-du-rhone-alleno-et-chapoutier-grenache-et-syrah\/#breadcrumb","itemListElement":[{"@type":"ListItem","position":1,"name":"Accueil","item":"https:\/\/www.harner.fr\/lacave\/"},{"@type":"ListItem","position":2,"name":"Shop","item":"https:\/\/www.harner.fr\/lacave\/shop\/"},{"@type":"ListItem","position":3,"name":"AOP C\u00f4tes du Rh\u00f4ne\u00a0\u00ab\u00a0Alleno et Chapoutier\u00a0\u00bb\u00a0: Grenache et Syrah"}]},{"@type":"WebSite","@id":"https:\/\/www.harner.fr\/lacave\/#website","url":"https:\/\/www.harner.fr\/lacave\/","name":"La Cave du Harner","description":"Notre s\u00e9lection de vins","publisher":{"@id":"https:\/\/www.harner.fr\/lacave\/#organization"},"potentialAction":[{"@type":"SearchAction","target":{"@type":"EntryPoint","urlTemplate":"https:\/\/www.harner.fr\/lacave\/?s={search_term_string}"},"query-input":{"@type":"PropertyValueSpecification","valueRequired":true,"valueName":"search_term_string"}}],"inLanguage":"fr-FR"},{"@type":"Organization","@id":"https:\/\/www.harner.fr\/lacave\/#organization","name":"La Cave du Harner","url":"https:\/\/www.harner.fr\/lacave\/","logo":{"@type":"ImageObject","inLanguage":"fr-FR","@id":"https:\/\/www.harner.fr\/lacave\/#\/schema\/logo\/image\/","url":"https:\/\/www.harner.fr\/lacave\/wp-content\/uploads\/sites\/3\/2021\/06\/cropped-logo.png","contentUrl":"https:\/\/www.harner.fr\/lacave\/wp-content\/uploads\/sites\/3\/2021\/06\/cropped-logo.png","width":349,"height":80,"caption":"La Cave du Harner"},"image":{"@id":"https:\/\/www.harner.fr\/lacave\/#\/schema\/logo\/image\/"}}]}},"_links":{"self":[{"href":"https:\/\/www.harner.fr\/lacave\/wp-json\/wp\/v2\/product\/3419","targetHints":{"allow":["GET"]}}],"collection":[{"href":"https:\/\/www.harner.fr\/lacave\/wp-json\/wp\/v2\/product"}],"about":[{"href":"https:\/\/www.harner.fr\/lacave\/wp-json\/wp\/v2\/types\/product"}],"wp:featuredmedia":[{"embeddable":true,"href":"https:\/\/www.harner.fr\/lacave\/wp-json\/wp\/v2\/media\/3473"}],"wp:attachment":[{"href":"https:\/\/www.harner.fr\/lacave\/wp-json\/wp\/v2\/media?parent=3419"}],"wp:term":[{"taxonomy":"product_brand","embeddable":true,"href":"https:\/\/www.harner.fr\/lacave\/wp-json\/wp\/v2\/product_brand?post=3419"},{"taxonomy":"product_cat","embeddable":true,"href":"https:\/\/www.harner.fr\/lacave\/wp-json\/wp\/v2\/product_cat?post=3419"},{"taxonomy":"product_tag","embeddable":true,"href":"https:\/\/www.harner.fr\/lacave\/wp-json\/wp\/v2\/product_tag?post=3419"}],"curies":[{"name":"wp","href":"https:\/\/api.w.org\/{rel}","templated":true}]}}

AOP Côtes du Rhône « Alleno et Chapoutier » : Grenache et Syrah

<p>Robe rubis, profonde et brillante. Le nez révèle des notes de fruits rouges, accompagnés de senteurs de garrigue et d’épices douces. La bouche exprime un mariage subtil entre la puissance aromatique et la finesse des tannins. La finale exprime des notes de réglisse.</p>
<p>Accord mets et vin : Navarrin d’agneau, saucisson Lyonnais</p>

<!-- This site is optimized with the Yoast SEO plugin v25.3 - https://yoast.com/wordpress/plugins/seo/ -->
<title>AOP Côtes du Rhône « Alleno et Chapoutier » : Grenache et Syrah - La Cave du Harner</title>
<meta name="robots" content="index, follow, max-snippet:-1, max-image-preview:large, max-video-preview:-1" />
<link rel="canonical" href="https://www.harner.fr/lacave/product/aop-cotes-du-rhone-alleno-et-chapoutier-grenache-et-syrah/" />
<meta property="og:locale" content="fr_FR" />
<meta property="og:type" content="article" />
<meta property="og:title" content="AOP Côtes du Rhône « Alleno et Chapoutier » : Grenache et Syrah - La Cave du Harner" />
<meta property="og:description" content="Robe rubis, profonde et brillante. Le nez révèle des notes de fruits rouges, accompagnés de senteurs de garrigue et d’épices douces. La bouche exprime un mariage subtil entre la puissance aromatique et la finesse des tannins. La finale exprime des notes de réglisse.   Accord mets et vin : Navarrin d’agneau, saucisson Lyonnais" />
<meta property="og:url" content="https://www.harner.fr/lacave/product/aop-cotes-du-rhone-alleno-et-chapoutier-grenache-et-syrah/" />
<meta property="og:site_name" content="La Cave du Harner" />
<meta property="article:modified_time" content="2021-06-16T15:08:59+00:00" />
<meta property="og:image" content="https://www.harner.fr/lacave/wp-content/uploads/sites/3/2021/06/alleno-cotes-du-rhone.jpg" />
	<meta property="og:image:width" content="1200" />
	<meta property="og:image:height" content="1600" />
	<meta property="og:image:type" content="image/jpeg" />
<meta name="twitter:card" content="summary_large_image" />
<script type="application/ld+json" class="yoast-schema-graph">{"@context":"https://schema.org","@graph":[{"@type":"WebPage","@id":"https://www.harner.fr/lacave/product/aop-cotes-du-rhone-alleno-et-chapoutier-grenache-et-syrah/","url":"https://www.harner.fr/lacave/product/aop-cotes-du-rhone-alleno-et-chapoutier-grenache-et-syrah/","name":"AOP Côtes du Rhône « Alleno et Chapoutier » : Grenache et Syrah - La Cave du Harner","isPartOf":{"@id":"https://www.harner.fr/lacave/#website"},"primaryImageOfPage":{"@id":"https://www.harner.fr/lacave/product/aop-cotes-du-rhone-alleno-et-chapoutier-grenache-et-syrah/#primaryimage"},"image":{"@id":"https://www.harner.fr/lacave/product/aop-cotes-du-rhone-alleno-et-chapoutier-grenache-et-syrah/#primaryimage"},"thumbnailUrl":"https://www.harner.fr/lacave/wp-content/uploads/sites/3/2021/06/alleno-cotes-du-rhone.jpg","datePublished":"2021-06-16T15:08:09+00:00","dateModified":"2021-06-16T15:08:59+00:00","breadcrumb":{"@id":"https://www.harner.fr/lacave/product/aop-cotes-du-rhone-alleno-et-chapoutier-grenache-et-syrah/#breadcrumb"},"inLanguage":"fr-FR","potentialAction":[{"@type":"ReadAction","target":["https://www.harner.fr/lacave/product/aop-cotes-du-rhone-alleno-et-chapoutier-grenache-et-syrah/"]}]},{"@type":"ImageObject","inLanguage":"fr-FR","@id":"https://www.harner.fr/lacave/product/aop-cotes-du-rhone-alleno-et-chapoutier-grenache-et-syrah/#primaryimage","url":"https://www.harner.fr/lacave/wp-content/uploads/sites/3/2021/06/alleno-cotes-du-rhone.jpg","contentUrl":"https://www.harner.fr/lacave/wp-content/uploads/sites/3/2021/06/alleno-cotes-du-rhone.jpg","width":1200,"height":1600},{"@type":"BreadcrumbList","@id":"https://www.harner.fr/lacave/product/aop-cotes-du-rhone-alleno-et-chapoutier-grenache-et-syrah/#breadcrumb","itemListElement":[{"@type":"ListItem","position":1,"name":"Accueil","item":"https://www.harner.fr/lacave/"},{"@type":"ListItem","position":2,"name":"Shop","item":"https://www.harner.fr/lacave/shop/"},{"@type":"ListItem","position":3,"name":"AOP Côtes du Rhône « Alleno et Chapoutier » : Grenache et Syrah"}]},{"@type":"WebSite","@id":"https://www.harner.fr/lacave/#website","url":"https://www.harner.fr/lacave/","name":"La Cave du Harner","description":"Notre sélection de vins","publisher":{"@id":"https://www.harner.fr/lacave/#organization"},"potentialAction":[{"@type":"SearchAction","target":{"@type":"EntryPoint","urlTemplate":"https://www.harner.fr/lacave/?s={search_term_string}"},"query-input":{"@type":"PropertyValueSpecification","valueRequired":true,"valueName":"search_term_string"}}],"inLanguage":"fr-FR"},{"@type":"Organization","@id":"https://www.harner.fr/lacave/#organization","name":"La Cave du Harner","url":"https://www.harner.fr/lacave/","logo":{"@type":"ImageObject","inLanguage":"fr-FR","@id":"https://www.harner.fr/lacave/#/schema/logo/image/","url":"https://www.harner.fr/lacave/wp-content/uploads/sites/3/2021/06/cropped-logo.png","contentUrl":"https://www.harner.fr/lacave/wp-content/uploads/sites/3/2021/06/cropped-logo.png","width":349,"height":80,"caption":"La Cave du Harner"},"image":{"@id":"https://www.harner.fr/lacave/#/schema/logo/image/"}}]}</script>
<!-- / Yoast SEO plugin. -->

AOP Côtes du Rhône « Alleno et Chapoutier » : Grenache et Syrah - La Cave du Harner

Robe rubis, profonde et brillante. Le nez révèle des notes de fruits rouges, accompagnés de senteurs de garrigue et d’épices douces. La bouche exprime un mariage subtil entre la puissance aromatique et la finesse des tannins. La finale exprime des notes de réglisse.   Accord mets et vin : Navarrin d’agneau, saucisson Lyonnais

Notre sélection de vins
